ose -2*r = -r - 3. List the prime factors of 19 + -3 + r + -3.
2
Suppose -4*h - 52 = -0*h. Let x = -23 - h. List the prime factors of 1/x*-4*5.
2
Let u(x) = 1 - 2 - x + 0*x**2 + 6*x**2. Let t(i) = 2*i + 37. Let m be t(-19). What are the prime factors of u(m)?
2, 3
Let p be 211/3 + (-1)/3. Suppose -k = -5*g + 426, 0*g + g = 4*k + p. List the prime factors of g/7 - (-10)/(-35).
2, 3
Let c = 4 + -6. Let q be (0 + c)/((-5)/(-45)). Let a = -10 - q. What are the prime factors of a?
2
Suppose 2*c - 61 = 21. What are the prime factors of c?
41
Let w(k) be the first derivative of k**4/2 - 2*k**3/3 - k**2 + 2*k + 6. List the prime factors of w(2).
2, 3
Suppose -2*m + 0 = 2. Let x(d) = 5*d**3 - 2*d - 1. Let p be x(m). What are the prime factors of p/(2*2/(-8))?
2
Let y be (1/(-3))/((-3)/9). Let s(p) = 11*p**2 - 2 + 3 - p + 0*p. What are the prime factors of s(y)?
11
Let u(r) = -r**2 - 7*r + 12. What are the prime factors of u(-6)?
2, 3
Let w = 668 - 405. List the prime factors of w.
263
What are the prime factors of (48/1)/((15/2)/5)?
2
Suppose 7*k = 2*k + 3*a + 37, -4*a = -4*k + 28. Suppose -r + 22 = k*l - 3*l, 64 = 4*r - 4*l. List the prime factors of r.
17
Let v(a) = 35*a**2 - a - 1. Let m be v(-1). Suppose -r + 31 = 5*c - m, 0 = 4*c + 4*r - 56. What are the prime factors of c?
13
Let l = 15 + -11. Suppose 6*i = l*i + 38. List the prime factors of i.
19
Let t(a) = -a**3 + 4*a**2 - a. Let h(k) = 11*k**2 + k. Let f be h(1). Suppose 0*l - 4*l + f = 0. What are the prime factors of t(l)?
2, 3
Let o be 3/(-12)*-5*-4. Let t = o + 4. Let g(f) = -3*f**3 - f - 1. List the prime factors of g(t).
3
Let y(m) = -4*m + 2*m + 5*m - 6*m. Let f be y(1). List the prime factors of (-39)/(-6) - f/(-6).
2, 3
Let s(k) = 6*k + 11. What are the prime factors of s(6)?
47
Let h(t) = 4*t. Let x be h(1). Suppose 2*n - 3 = -0*m - m, 2*n - 2*m + 6 = 0. Suppose n = k + x*k - 10. What are the prime factors of k?
2
Suppose 3*a = 20 + 106. What are the prime factors of a/4*(-12)/(-9)?
2, 7
Suppose 3*u - 2 = 4. Suppose -26*h + 30 = -21*h. Let i = h + u. What are the prime factors of i?
2
Let d(o) = -2*o**3 - 5*o**2 - 5*o - 2. Let y(g) = g**3 + g - 1. Let w(z) = -d(z) - y(z). What are the prime factors of w(-4)?
3
What are the prime factors of (40/(-10))/((-2)/4)?
2
Let i(q) = -q + 2. Let b be i(0). Let t be ((-8)/(-10))/((-2)/(-10)). What are the prime factors of -4 + b + t + 0?
2
Let m(q) = 86*q - 5. List the prime factors of m(1).
3
Let g be (-4)/(-14) + 4/(-14). Suppose 4*w + 18 = k, g = -w + 6*w - 3*k + 26. Let b = w - -8. What are the prime factors of b?
2
Let f(x) = -2*x**3 + x**2 + x + 305. What are the prime factors of f(0)?
5, 61
Suppose 4 = 2*j + 2*k, 3*j = -0*j + 4*k - 8. Suppose j = -3*t + 10 + 2. What are the prime factors of t?
2
Let q = 38 - 3. Suppose -q = -c + 2*d, 100 = 2*c + 2*d - 0*d. What are the prime factors of c?
3, 5
Let h be (-6)/9 - 425/(-3). List the prime factors of h/6*(3 - 1).
47
List the prime factors of (-3904)/(-56) + (-4)/(-14).
2, 5, 7
Let f(g) = g**2 - 6*g + 9. Let u be f(6). Let b = 17 - u. List the prime factors of b.
2
Suppose -3*v + 3*i + 12 = 0, -2*v - 3*i = -0 + 17. Let l = v + 1. What are the prime factors of (-1)/(2/(-4 + l))?
2
Let j = -2 - -3. Suppose g - 5*b = 28, 2*b = 5*g - j - 24. Suppose -g*u - 2*q = -0*q - 19, 3*q = -4*u + 27. What are the prime factors of u?
3
Let r(o) = -o**3 + o**2 - o + 2. Let x be r(0). Let q(f) = 2*f - 5*f**x - 5 + f**3 + 2 - 3. What are the prime factors of q(5)?
2
Let k(x) = -x**2 + 7*x - 6. Let i be k(6). Suppose -n + i*n + 20 = 0. Let d = 41 - n. List the prime factors of d.
3, 7
Let b be 4/(-6) + 136/24. Suppose -114 = -b*n - n. List the prime factors of n.
19
Let g(t) = t**3 - 11*t**2 + 3*t - 1. Let l be 438/42 + 8/14. What are the prime factors of g(l)?
2
Let x(o) = -7*o. List the prime factors of x(-7).
7
Let n(q) = q**2 + 4*q + 3. Let j be n(-4). Let p = j - -18. List the prime factors of p.
3, 7
Suppose 2*x = 2*b + 4*x - 72, -3*x + 12 = 0. Suppose -5*c + 11 = -3*y, 0 = 5*y + 4*c - b + 1. Suppose -8 + 26 = y*g. List the prime factors of g.
2, 3
Let y(w) = w**3 + 12*w**2 - 16*w + 15. List the prime factors of y(-13).
2, 3
Suppose 5*c - 12 = j, 0 = -4*j + c - 6*c - 73. Let s = 21 - j. List the prime factors of s.
2, 19
Let m be 3*(-1)/(-1 - 0). Suppose 4*s = -0*f + 4*f - 48, -m*s - 14 = -f. What are the prime factors of f?
11
Suppose -z + 2*z - 23 = 0. What are the prime factors of z?
23
Let o be (-2)/3 + (-28)/(-6). Let v = -13 + o. List the prime factors of v*(-1)/((-9)/(-12)).
2, 3
Let x(j) = -j**3 + j**2 - 8*j + 3. List the prime factors of x(-3).
3, 7
Let n be 9 + 6*1/(-2). Suppose n*v = 3*v + 93. Suppose -p + 1 = -2*b + 3, -5*b = 4*p - v. What are the prime factors of p?
2
Let x = -33 - -17. Let h = 52 + x. Suppose 0*n = 3*n - h. List the prime factors of n.
2, 3
Let y(s) = -s**2 - 3*s + 4. Let i be y(-3). Suppose -3*b = 2*l - 29, b - 17 - 2 = i*l. List the prime factors of b.
11
Let j = -17 - -27. List the prime factors of j.
2, 5
Let r = 4 - 1. Suppose -4*l - 36 = -b - r*b, -2*l - 28 = -4*b. List the prime factors of b.
5
Suppose 3*p = 64 + 104. What are the prime factors of p?
2, 7
Let g = -195 - -334. List the prime factors of g.
139
Let w = -321 - -464. Suppose -4*h + w = -21. Suppose 5 = -3*q + h. List the prime factors of q.
2, 3
Let v = 30 + -11. Let t = v + -7. List the prime factors of t.
2, 3
What are the prime factors of (-1812)/(-18)*(0 + 3/1)?
2, 151
Let k(l) = l**3 + 6*l**2 - 3*l + 6. Let y be k(-6). Suppose y = -4*f + 6*f. What are the prime factors of f?
2, 3
List the prime factors of (-1 - -33) + -1 - 1.
2, 3, 5
Let l = -6 - -6. Let s = l - 2. What are the prime factors of (3/s)/(3/(-12))?
2, 3
Suppose 12 = 3*c + 3. Suppose -5*z + 0 = -c*k + 1, 3*z = -2*k - 12. Let g = 2 - k. List the prime factors of g.
5
Suppose 4*z + 4*o = 140, 2*o - o = -2*z + 69. List the prime factors of z.
2, 17
Let k = -83 - -85. Let f(j) = -j + j**2 + 0*j**2 - 3 + 3*j. What are the prime factors of f(k)?
5
Let t(l) = l**2 + l + 1. Let m be t(-2). Suppose 2*r + m*r - 90 = 0. What are the prime factors of r?
2, 3
Let a = 76 + -40. Let u = a + -24. What are the prime factors of u?
2, 3
Let p(y) = y**3 + 6*y**2 + 2*y + 8. Let x be p(-6). Let s be (-6)/x*8/4. List the prime factors of 1*(s + 0/1).
3
What are the prime factors of ((-28)/5)/((-6)/30)?
2, 7
List the prime factors of 2/12 + 4164/72.
2, 29
Suppose 2*w = v + 64, -v + 4*v = 2*w - 64. What are the prime factors of w?
2
Let k = 11 + -9. Suppose k*g + 2*g = 0. Suppose g = -4*i + 2*i + 4. What are the prime factors of i?
2
What are the prime factors of ((-1 - 1)/8)/(18/(-4824))?
67
Let m(s) = -4 - 5*s + s + s**2 - 2. What are the prime factors of m(-4)?
2, 13
Suppose -5*u - 5 = 10. Let j = u + 7. What are the prime factors of j?
2
Let f(v) = 6*v**2. Let u(n) = n**3 - n**2 - n - 2. Let b be u(2). Let k = -1 - b. What are the prime factors of f(k)?
2, 3
Let y = 7 + -5. Let i(b) = 5 + 4*b + 4*b**y - 3*b**2 - 5*b + 9*b. What are the prime factors of i(-9)?
2, 7
Let g(d) be the first derivative of -3*d**2 + 8*d - 1 + 1/3*d**3. List the prime factors of g(6).
2
Suppose 202 = 3*f + 55. List the prime factors of f.
7
Suppose -3*d + 87 = 3*a, -d + 40 - 7 = 5*a. What are the prime factors of d?
2, 7
Suppose -3*f - 69 = -2*i - 9, 3*i = -3*f + 60. List the prime factors of i.
2, 3
Suppose g - 6 - 32 = 0. Suppose 2*x + g = 2*u, 4*u - 71 = -5*x + 5. What are the prime factors of u/2 - (-2)/4?
2, 5
Suppose 6*m = -3*m + 423. What are the prime factors of m?
47
Let j(s) be the second derivative of -s**3/6 + 3*s**2 - 4*s. Let v(f) = -f**2 - 4*f + 3. Let g be v(-4). What are the prime factors of j(g)?
3
Suppose t - 5 = -0*t. Suppose 0 = -t*o + 25 - 0. Suppose 0 = 4*w, 0 = -o*s - w - 2*w + 60. List the prime factors of s.
2, 3
Suppose -12*w + 16*w + 8 = 0. List the prime factors of ((-68)/(-8) + w)*8.
2, 13
Let j(r) = r**3 + 9*r**2 - 8*r - 3. Let d be j(-10). Let o = -19 - d. List the prime factors of o.
2
Let w = -24 - -34. Let n(y) = 3*y + 5. List the prime factors of n(w).
5, 7
Let f = 247 + -166. What are the prime factors of f?
3
List the prime factors of ((-8)/(-10))/((-2)/(-580)*4).
2, 29
Let h(w) be the first derivative of 11*w**3/3 - w**2 + w + 3. List the pri